e units digit of 53061?
1
What is the millions digit of 3021419?
3
What is the millions digit of 1142172?
1
What is the thousands digit of 20299?
0
What is the hundred thousands digit of 14344804?
3
What is the thousands digit of 12915913?
5
What is the tens digit of 1343205?
0
What is the hundred thousands digit of 338140?
3
What is the units digit of 786400?
0
What is the ten thousands digit of 3693352?
9
What is the hundreds digit of 15885?
8
What is the units digit of 495143?
3
What is the tens digit of 9875946?
4
What is the hundred thousands digit of 175998?
1
What is the millions digit of 2301673?
2
What is the hundreds digit of 17462242?
2
What is the hundred thousands digit of 7227410?
2
What is the hundred thousands digit of 119157?
1
What is the hundred thousands digit of 11106997?
1
What is the hundred thousands digit of 20513599?
5
What is the ten thousands digit of 11645?
1
What is the tens digit of 1379316?
1
What is the tens digit of 889684?
8
What is the ten thousands digit of 623739?
2
What is the thousands digit of 170479?
0
What is the hundreds digit of 3165835?
8
What is the ten thousands digit of 349081?
4
What is the ten thousands digit of 2839752?
3
What is the tens digit of 223412?
1
What is the tens digit of 2056041?
4
What is the tens digit of 2866681?
8
What is the ten millions digit of 18163220?
1
What is the units digit of 278219?
9
What is the units digit of 1008080?
0
What is the millions digit of 2233320?
2
What is the units digit of 3172440?
0
What is the units digit of 10940783?
3
What is the hundred thousands digit of 414420?
4
What is the ten thousands digit of 905533?
0
What is the ten thousands digit of 7838838?
3
What is the tens digit of 535250?
5
What is the tens digit of 28643?
4
What is the millions digit of 20368821?
0
What is the hundred thousands digit of 3408759?
4
What is the thousands digit of 150815?
0
What is the tens digit of 130058?
5
What is the units digit of 225784?
4
What is the tens digit of 5035242?
4
What is the ten thousands digit of 224467?
2
What is the tens digit of 4299964?
6
What is the tens digit of 434445?
4
What is the tens digit of 830180?
8
What is the units digit of 3480556?
6
What is the hundred thousands digit of 848345?
8
What is the thousands digit of 5794467?
4
What is the tens digit of 3610245?
4
What is the hundreds digit of 72663?
6
What is the hundreds digit of 438442?
4
What is the hundred thousands digit of 18626494?
6
What is the ten thousands digit of 2080133?
8
What is the thousands digit of 38855798?
5
What is the hundred thousands digit of 4913523?
9
What is the thousands digit of 197171?
7
What is the tens digit of 97342?
4
What is the units digit of 253703?
3
What is the tens digit of 2283328?
2
What is the ten thousands digit of 35660528?
6
What is the hundreds digit of 2154771?
7
What is the hundred thousands digit of 145771?
1
What is the units digit of 1169738?
8
What is the ten thousands digit of 3431775?
3
What is the ten thousands digit of 10452587?
5
What is the millions digit of 1235965?
1
What is the thousands digit of 4380519?
0
What is the hundreds digit of 3651977?
9
What is the tens digit of 9660895?
9
What is the ten thousands digit of 754381?
5
What is the ten thousands digit of 892314?
9
What is the hundreds digit of 4237107?
1
What is the thousands digit of 2583626?
3
What is the thousands digit of 401629?
1
What is the thousands digit of 5865311?
5
What is the hundred thousands digit of 912273?
9
What is the tens digit of 227180?
8
What is the ten thousands digit of 244631?
4
What is the thousands digit of 3461699?
1
What is the tens digit of 952249?
4
What is the thousands digit of 238276?
8
What is the ten thousands digit of 1784840?
8
What is the thousands digit of 81827?
1
What is the thousands digit of 479827?
9
What is the thousands digit of 6393012?
3
What is the hundred thousands digit of 9566740?
5
What is the hundred thousands digit of 966400?
9
What is the ten thousands digit of 12078713?
7
What is the ten thousands digit of 3158856?
5
What is the ten thousands digit of 136850?
3
What is the tens digit of 1340508?
0
What is the hundred thousands digit of 300828?
3
What is the thousands digit of 2589279?
9
What is the hundreds digit of 8054257?
2
What is the tens digit of 526849?
4
What is the ten thousands digit of 425878?
2
What is the tens digit of 11221575?
7
What is the thousands digit of 20517257?
7
What is the thousands digit of 4908701?
8
What is the ten millions digit of 19345926?
1
What is the tens digit of 26446?
4
What is the ten thousands digit of 5318562?
1
What is the units digit of 40798128?
8
What is the hundred thousands digit of 2489869?
4
What is the units digit of 11639423?
3
What is the hundred thousands digit of 671467?
6
What is the hundred thousands digit of 128693?
1
What is the hundred thousands digit of 7634779?
6
What is the hundred thousands digit of 198232?
1
What is the units digit of 8649?
9
What is the units digit of 961696?
6
What is the hundreds digit of 9234?
2
What is the hundred thousands digit of 339423?
3
What is the tens digit of 19335585?
8
What is the ten thousands digit of 46067?
4
What is the hundreds digit of 24530288?
2
What is the ten thousands digit of 361730?
6
What is the millions digit of 2144299?
2
What is the units digit of 168137?
7
What is the tens digit of 549999?
9
What is the thousands digit of 580844?
0
What is the thousands digit of 6562?
6
What is the ten millions digit of 20182579?
2
What is the thousands digit of 10722845?
2
What is the ten millions digit of 22205033?
2
What is the thousands digit of 418300?
8
What is the hundred thousands digit of 666932?
6
What is the thousands digit of 241760?
1
What is the units digit of 9572?
2
What is the thousands digit of 19404565?
4
What is the hundreds digit of 2203925?
9
What is the hundred thousands digit of 421228?
4
What is the ten thousands digit of 8649487?
4
What is the hundred thousands digit of 9298366?
2
What is the tens digit of 93885?
8
What is the hundreds digit of 422694?
6
What is the ten thousands digit of 377895?
7
What is the ten thousands digit of 2450788?
5
What is the hundreds digit of 235486?
4
What is the hundreds digit of 47937?
9
What is the hundreds digit of 248730?
7
What is the hundred thousands digit of 121093?
1
What is the units digit of 31065?
5
What is the hundred thousands digit of 4418380?
4
What is the thousands digit of 5742609?
2
What is the units digit of 1354775?
5
What is the hundred thousands digit of 1173170?
1
What is the units digit of 8199159?
9
What is the ten millions digit of 14078258?
1
What is the thousands digit of 13744343?
4
What is the units digit of 852258?
8
What is the thousands digit of 21821?
1
What is the thousands digit of 25916606?
6
What is the tens digit of 886992?
9
What is the units digit of 159473?
3
What is the thousands digit of 394865?
4
What is the ten thousands digit of 1884347?
8
What is the hundreds digit of 608527?
5
What is the thousands digit of 778357?
8
What is the tens digit of 1516004?
0
What is the thousands digit of 224291?
4
What is the ten thousands digit of 933888?
3
What is the ten thousands digit of 15208380?
0
What is the millions digit of 3393988?
3
What is the hundred thousands digit of 3552896?
5
What is the ten thousands digit of 99397?
9
What is the tens digit of 608776?
7
What is the tens digit of 1312313?
1
What is the ten millions digit of 14958235?
1
What is the tens digit of 5943642?
4
What is the millions digit of 1667518?
1
What is the millions digit of 12143129?
2
What is the hundreds digit of 506113?
1
What is the tens digit of 2224741?
4
What is the units digit of 177408?
8
What is the ten thousands digit of 7260747?
6
What is the thousands digit of 129636?
9
What is the hundred thousands digit of 3497119?
4
What is the ten thousands digit of 6886070?
8
What is the hundreds digit of 177272?
2
What is the hundreds digit of 179422?
4
What is the tens digit of 2573394?
9
What is the tens digit of 2529817?
1
What is the millions digit of 3357399?
3
What is the thousands digit of 1796496?
6
What is the hundred thousands digit of 15966194?
9
What is the hundred thousands digit of 4019385?
0
What is the hundred thousa